 Is n a composite number?
True
Suppose -12*a + 121*a - 31824693 = 16*a. Is a a prime number?
False
Let q(g) = -2*g**3 - g**2 - 6. Let p be q(-3). Let j = p + -40. Is (-1698)/(-8) + j - (-18)/(-72) a prime number?
True
Suppose 8019 = -8*o + 1139. Let h = o + 2959. Is h prime?
True
Let f(s) = -79*s. Let j(x) = -x**3 - 3*x**2 + 5*x + 2. Let v be j(-4). Let n be ((-3)/v)/((-11)/22). Is f(n) composite?
True
Let o be (2 + (6 - 2))*1170/(-27). Let i = o - -337. Is i composite?
True
Let x = -319 + 623. Let m be (83 - -3)*(-5 + (-75)/(-10)). Let h = x - m. Is h prime?
True
Suppose -12*c + 14*c = -5*w + 158967, -2*w + 2*c + 63598 = 0. Is w prime?
False
Let n(p) = 27*p**2 + 2*p + 56. Is n(-15) a prime number?
True
Let a be (3 - 1979)/(-2)*3/6. Suppose -a = -3*g + 1177. Let i = g + 386. Is i a prime number?
False
Suppose b - 6 = 1. Let v = 6 - 6. Suppose v = 8*x - b*x - 1865. Is x a prime number?
False
Let n be (-5 - 5) + 1/(-2 - -3). Let w be (-10)/4*(-1 - n/(-3)). Is -6 - 8630/(-25) - 2/w composite?
True
Let c = 325667 - 215988. Is c composite?
True
Suppose 2*y - z - 57963 + 3159 = 0, -4*y - 3*z = -109598. Suppose -150340 - y = -27*w. Is w prime?
False
Let g(h) = h**3 + 26*h**2 - 29*h - 50. Let t be g(-27). Suppose -t*w = 2*a - 69002, -7*a + 9*a = 4*w + 68978. Is a composite?
True
Let r = -2673 - -1682. Let s be ((-441)/(-18) + -5)*36. Let v = s - r. Is v a prime number?
True
Let r be (1177 - 0) + 3 - -3. Let t be (19/((-228)/(-32)))/(1/309). Let p = r - t. Is p a prime number?
True
Let k = 110 - -41. Suppose 5*l = -2*x + 3737, 4*x - k = -3*l + 2080. Is l composite?
True
Let l = -2135 + -738. Let b = -1032 - l. Is b prime?
False
Suppose -y - 5*k = -7198, 3*k = 6*k - 6. Suppose -2*x + y = -m, 3*m + 47 - 41 = 0. Is x a composite number?
False
Suppose -32 = -s + 5*s. Let b(r) = -9*r - 16. Let w be b(s). Let v = w - -765. Is v composite?
False
Suppose -8*l - 5909 = 13715. Let d = l + 4737. Let w = d - 1065. Is w a composite number?
True
Let g be ((-43452)/30)/(6/20). Let a = 6955 + g. Suppose 0 = 4*w + 3*p - a - 580, -4*w + 2719 = -p. Is w prime?
False
Suppose -7*n - 2665 = 5063. Let j = 2360 + n. Let q = -469 + j. Is q prime?
True
Suppose 3*g = -2*v, 4*g - 14 = -5*v + 7*v. Let w be ((-7)/g)/(-7) + 1173/6. Suppose -68 = -8*t + w. Is t a composite number?
True
Let x be 2/((-5 + 1)/(-8)) + 0. Let l = 25 - 15. Suppose w - x - l = 0. Is w composite?
True
Suppose 9135514 - 830416 = 33*j + 437535. Is j composite?
True
Is 268720 + 12 + -31 - 2/2*8 a composite number?
False
Suppose 41 = -10*h + 1, 2*v = h + 354446. Is v prime?
False
Suppose -105 = -9*g + 4*g. Suppose -7*i + 35 = -g. Suppose -i*c = -3*c - 2865. Is c a composite number?
True
Suppose -115*t + 97*t = 19224. Suppose -2*d + 3868 = 3*z - 418, -2*d - z = -4278. Let u = d + t. Is u composite?
False
Let p = 57 - 57. Suppose p = -3*k + 3 + 6. Is 1/6*1671*(k - 1) a prime number?
True
Let v be 0/17 + (0 - -4882) + 2. Let c = 11471 - v. Is c composite?
True
Let c(s) = 15 - 8*s + 21 - 10. Let r be c(3). Suppose -4*j - 4*b = -10680, -5*j + 13348 = 5*b - r*b. Is j prime?
False
Suppose 0 = -2*q + 5*b + 20, 4*q - b + 2 = 6. Suppose q = -46*l + 35*l + 219395. Is l a composite number?
True
Let k(u) = u**2 + 36*u - 196. Let q be k(5). Suppose -q*f + 296261 = -2*f. Is f composite?
False
Let l(h) = h - 19. Let d be l(37). Suppose 11*a + 47747 = d*a. Is a prime?
False
Suppose -3*j = 5*i - 204, 0*i = -5*i + 3*j + 246. Let k = 609 + 407. Suppose 0 = -49*g + i*g + k. Is g prime?
False
Let u = -15207 + 41583. Suppose 8*d - 13*d + 32920 = 5*s, 4*s - u = 4*d. Is s prime?
False
Is 10 + (4 - 0) + 152549 prime?
True
Let n be (-1)/(2 + 0) - 1/(-2). Suppose 6*t - 2*t - 3188 = n. Is t a prime number?
True
Let w(m) = m**3 + 10*m**2 - 13*m - 23. Let v be w(-8). Let h = 2 + v. Is h a composite number?
False
Let r(z) = 31*z**2 + 15*z + 103. Let p be r(-13). Suppose -2*f + 1892 = -5*y - 150, 0 = 5*f - 2*y - p. Is f a composite number?
False
Suppose -8 = -75*d + 71*d. Suppose -d*c = s - 3080, 4*s = 5*c + s - 7678. Is c prime?
False
Suppose u = 2*f - 0*u - 40, 4*f - 88 = 4*u. Suppose f*w - 40171 = w. Is w a prime number?
False
Let k = -9648 + 4646. Let j = 225 - k. Is j prime?
True
Let a(w) be the first derivative of -w**3/3 - w**2 + w - 34. Let x be a(0). Is ((-5984)/(-48))/(x*(-2)/(-3)) a prime number?
False
Let q(g) = g**2 + 3*g - 18. Let b be q(-5). Is 2/(-4) + (-22892)/b a composite number?
False
Let t(z) = 318*z**2 + 22*z + 2. Let a be t(6). Let x = a + -5979. Is x prime?
False
Suppose -4*f + 4*c = 114008, -3*f - 74403 = -2*c + 11104. Let t = 61318 + f. Is t a composite number?
True
Let q = -94 + 37. Let c = 60 + q. Let t(d) = 3*d**3 + 5*d**2 - 5*d + 2. Is t(c) a composite number?
False
Suppose 154 = -26*y + 440. Is 783718/473 - (-1)/y composite?
False
Let z(s) = -2*s**2 - 1 - s**3 + 5*s**3 - 2*s**3 - s. Let g be z(2). Let a = 82 - g. Is a a prime number?
False
Suppose -7*o + 16*o - 13806 = 0. Is (-1)/2*(-2 + -4) + o a prime number?
False
Let k(c) = 14*c**2 - 5*c - 20. Let t be 78/(-9)*12/8. Is k(t) composite?
False
Let m(a) = 118*a - 17. Suppose -1 + 7 = 2*q. Suppose q*x - 7 = 11. Is m(x) a composite number?
False
Let n(k) = 45514*k + 3469. Is n(6) composite?
False
Let h = -127 + 132. Is 667/(26/(-65)*h/(-2)) composite?
True
Let t(f) = 2*f**2 + 15*f - 6. Let q be ((-3)/(-2))/(14/28). Suppose -3*o + 35 = -4*g, 0*o = -2*g + q*o - 13. Is t(g) prime?
True
Let r = 201 - 206. Let h(p) = -700*p - 67. Is h(r) composite?
False
Let j = -46031 - -101557. Is j a composite number?
True
Suppose -15957781 = -30*a + 21923009. Is a a composite number?
False
Is -10 + 277784/3 + 39/117 a composite number?
True
Let p(b) = 183*b - 192. Is p(21) a composite number?
True
Let d(t) = t**2 + 33*t + 35. Let m be d(-32). Suppose 2*v - m*v - 1315 = -3*p, -8 = 2*v. Is p prime?
False
Let c = 2249222 - 1239939. Is c composite?
True
Suppose -2716 = -16*m + 18*m + l, m - 2*l + 1353 = 0. Suppose w = i - 2609, -5*i = -5*w + 2*w - 13039. Let z = i + m. Is z composite?
False
Suppose 0 = -2065*x + 2007*x + 8478266. Is x a prime number?
False
Let k(z) = -225*z - 206. Let w(i) = 14*i - 7. Let h be w(-2). Is k(h) composite?
False
Let d(g) = 11*g**3 - 13*g**2 - 8*g - 23. Let y(m) = 11*m**3 - 12*m**2 - 9*m - 23. Let z(q) = 6*d(q) - 7*y(q). Is z(-7) composite?
True
Let w = 2099 - 719. Let m = -745 + w. Is m composite?
True
Let f = -2417 + 3951. Let o = 825 - f. Let w = 1568 + o. Is w composite?
False
Let b(t) = 258*t**2 + 63*t**3 + 2 + t - 258*t**2. Let p be b(2). Let q = p - 63. Is q composite?
True
Let z(u) = -12*u - 70. Let s be z(-6). Suppose 3734 = 5*f - c, -4*c + s - 18 = 0. Is f a composite number?
True
Suppose 5*m = -5*t + 60, -3*t - 3*m + 44 = 2*m. Suppose -5034 = -11*k + t*k. Is k a composite number?
True
Suppose 6*a - 824 - 1654 = 0. Suppose -w + l = -a, 0 = w - 2*l - 24 - 393. Is w a prime number?
True
Let z(j) = 4729*j**2 + 39*j - 113. Is z(3) a composite number?
True
Is 11*1 + (-30 - (26 + -49846)) composite?
False
Let d(z) = 704*z - 139 + 619*z - 288*z. Is d(10) prime?
True
Let o(u) = -550*u**2 + u + 1. Let z be o(1). Let i = 3297 - z. Is i a prime number?
False
Let z(k) = 71*k - 145. Let b be z(2). Let i(n) be the second derivative of -11*n**5/20 + n**4/12 - n**3/2 + 2*n**2 + n. Is i(b) a prime number?
False
Suppose 29*q = 33*q - 12. Suppose 0*t + 28 = -2*t - 2*d, -q*d - 33 = 2*t. Let n = t + 62. Is n a prime number?
True
Let k(y) = 5*y**3 - y**2 + 2*y - 1. Let i be k(1). Suppose 8281 = i*w + 2541. Let t = -211 + w. Is t a composite number?
False
Suppose 23*j = -71*j + 4507673 + 643245. Is j a prime number?
False
Let m = 52595 - 3748. Is m a prime number?
True
Suppose -m + 4732 = 2*t + 3*m, 0 = -3*t - 4*m + 7102. Suppose 4*x + 294 = t. Is x prime?
False
Suppose -46721 = -g + 42622 - 5674. Is g a prime number?
False
Suppose b + 2*j - 8 = 0, -4*j = b + 3*b - 12. Is 6/(-6)*(-2569 - b) a composite number?
True
Let a(x) be the third derivative of x**5/30 - 23*x**4/24 - x**3/6 - 4*x**2. Let v be -4*7/(-21)*-9. Is a(v) composite?
False
Let b(i) = i**3 - 3*i**2 + 4*i - 10. Let t be b(3). Suppose 0 = -4*l + 2*m - 3*m + 29433, -3*m = -t*l + 14713. Is l/18 - (-18)/81 a composite number?
False
Suppose -5*n - 4*l + 312568 + 149884 = 0, n - 2*l = 92482. Suppose -7*t - 159